e prime factors of w(1).
5, 7
Let b be (3/2)/((-1)/(-2)) - -1. Suppose b*c + 4*s = -64, 3*c + 5*s + 34 + 16 = 0. Let u(d) = d**3 + 14*d**2 - 18*d + 8. What are the prime factors of u(c)?
53
Let q(d) = -606*d + 7300. What are the prime factors of q(-64)?
2, 41, 281
Suppose 43*o + 46050 = 138500. What are the prime factors of o?
2, 5, 43
Let q be 1/(1/6) - (-369 - -1566). Let f = q + 2739. What are the prime factors of f?
2, 3, 43
Let l(i) = i**3 - 7*i**2 - 10*i + 12. Suppose -4*j + 0*j + 36 = 4*u, 3*u + 2*j - 26 = 0. Let h be l(u). What are the prime factors of h*3/((-9)/21)?
2, 7
Let w(v) = -9*v - 6. Let t(g) = -5*g + 2 - 2 - 5*g - 5. Let q(s) = -6*t(s) + 5*w(s). List the prime factors of q(5).
3, 5
Let y(p) = 21*p + 257. Suppose -97*o = -98*o - 6. List the prime factors of y(o).
131
Let j(o) = o**3 + 11*o**2 + 12*o + 24. Let d be j(-10). Suppose -d*x - 11 = 1. List the prime factors of x*236/(-12)*1.
59
Suppose -14203 = 2*i - z - 53273, 2*i + 3*z = 39070. What are the prime factors of i?
5, 3907
Suppose 3*l = -0*l + 9, -5*l = -3*d - 21. Let a be -1 - (4 - d/2). Let q(k) = k**3 + 9*k**2 + 3*k + 12. List the prime factors of q(a).
2, 3, 17
Suppose -4*p + 25965 - 2358 = 5*x, -5*x = 2*p - 23601. What are the prime factors of x?
3, 11, 13
Let d(o) = -o**2 - 5*o + 4. Let l be d(-6). Let a(g) = 11*g**2 + 10*g + 2. Let x be a(-3). Let c = l + x. List the prime factors of c.
3, 23
Let l = -1141 - -1144. Let a be 0 - (-3)/((-6)/(-58)). Suppose -2*h + l*h = a. List the prime factors of h.
29
Let l = 191 + 1079. Suppose -2*m = -4*b + l, 0 = 4*b + 5*m - 982 - 309. List the prime factors of b.
11, 29
Let l(a) = -2*a**2 + 7*a - 3. Let h be l(3). Suppose 3*c + c + 292 = h. Let p = c - -139. What are the prime factors of p?
2, 3, 11
What are the prime factors of -24 - (-16 + 358611/(-11))?
11, 2963
Let z = -1857 + 5728. What are the prime factors of z?
7, 79
Suppose -18*j - 29047 = 11*j - 350280. What are the prime factors of j?
11, 19, 53
Let d = 4 - 36. Let t = d + 36. Suppose 403 = t*f - 5*i, f = 2*f + 4*i - 85. List the prime factors of f.
97
Let j = -5047 - -48540. What are the prime factors of j?
23, 31, 61
Suppose 0 = -2*a - 11 + 95. Suppose -a = -3*g + 3*k - 2*k, -4*g + 56 = -k. Suppose g*i = -244 + 832. What are the prime factors of i?
2, 3, 7
Let u = 382 - 403. List the prime factors of (1*572)/((-14)/u).
2, 3, 11, 13
Let t = -89 + 126. Let u(i) = i**2 - 33*i - 46. List the prime factors of u(t).
2, 3, 17
Suppose 96 = -7*x + 20648. Suppose -11*s + x = -727. What are the prime factors of s?
3, 37
Let j(g) = -34 + 20 + 3*g + 18 + g**2. What are the prime factors of j(-16)?
2, 53
Let b be ((-42)/24)/(6/(-2736)). Suppose 2*z - b - 1000 = 0. What are the prime factors of z?
29, 31
Let r be (-12)/(-3)*(-3)/6. List the prime factors of 3 + (r - 1050/(-2)).
2, 263
Suppose 0 = -3*a - 15, j - 3*j - 781 = 3*a. Let d = 651 + j. List the prime factors of d.
2, 67
Suppose 5*q = 2*s + 141348, 120*s = 3*q + 121*s - 84811. List the prime factors of q.
2, 5, 11, 257
Let d be (1728/(-60))/((-1)/(30/4)). Let i = d - 124. What are the prime factors of i?
2, 23
Let p(f) be the second derivative of -f**5/2 - f**4/12 + f**3/6 + 4*f**2 - f - 2. What are the prime factors of p(-3)?
2, 7, 19
Suppose 4*n - 12 = 0, 5*n = 2*j + n + 12. Let t = -409 - -413. Suppose j = t*y - 10 - 6. List the prime factors of y.
2
Suppose a - l = -5*l + 10, -3*a = 3*l - 3. Let k be (a/(-4))/(3/438). Suppose 17*t + k = 18*t. What are the prime factors of t?
73
List the prime factors of ((-47973)/(1 + 0))/(-42 + 4 + 37).
3, 15991
Let j = -668 - -671. Suppose f = -q + 82, j*f - 4*q - 248 = -6*q. List the prime factors of f.
2, 3, 7
Suppose 12 = -4*d - 4*p, -4 = -2*d + p + 5. Let a be (2 - 5)/(1 - 3/d). Suppose -a*g - 299 + 1085 = 0. List the prime factors of g.
131
What are the prime factors of (-2)/2*(15 + -8500 - 5)?
2, 3, 5, 283
Suppose 0 = -4*m + 5*c - 16, m + 16 = -3*m + 2*c. Let p be 1 + m - (-119)/17. Suppose p*v - 315 = -v. What are the prime factors of v?
3, 7
Suppose z = 3*u + 8, -46 = -4*z - 5*u + 3*u. Let q(l) be the second derivative of 11*l**3/6 - 21*l**2/2 - 2*l. List the prime factors of q(z).
2, 5
Let i = -75 - -110. Suppose -10*c + 3085 = -i. List the prime factors of c.
2, 3, 13
Let p = 23584 - 12060. List the prime factors of p.
2, 43, 67
Let b = 26463 - 19267. What are the prime factors of b?
2, 7, 257
Suppose -4*j - 7*j = 132. Let a be (-3 + 33)/(20/j - -1). Let c = 53 + a. List the prime factors of c.
2
Let j(u) = 531*u**2 + 164*u - 1575. List the prime factors of j(9).
2, 3, 149
Let h be (-2)/(-2)*-2 - -107. Let u = h + 139. List the prime factors of u.
2, 61
Suppose 82*y - 4855433 - 2270839 = -26*y. What are the prime factors of y?
2, 1031
Let n = 181 + -178. Suppose 3601 = 5*d + 2*j, -5*d - 2369 = n*j - 5968. What are the prime factors of d?
7, 103
Let u be (-1*(1 - 2))/(3/21). Let f(o) = o**3 + 19*o**2 + 5*o + 2. Let c be f(-13). Suppose -c = -u*y + 162. What are the prime factors of y?
3, 53
Suppose -23*l + 1884 + 28384 = 0. Suppose 2*t - a = -0*t + 662, 0 = 4*t + 2*a - l. List the prime factors of t.
2, 3, 5, 11
Let v(i) be the second derivative of 1/2*i**2 + 1/3*i**3 + 0 + 12*i - 1/20*i**5 + 11/6*i**4. List the prime factors of v(22).
3, 5
Suppose -60*t + 76*t - 58304 = 0. List the prime factors of t.
2, 911
Suppose -165*k + 19418 = 4*m - 167*k, 2*m - 2*k = 9704. List the prime factors of m.
3, 1619
Suppose 2009*z - 2002*z - 39396 = 0. Suppose 1896 = -6*k + z. What are the prime factors of k?
2, 311
Let d = -98 - -88. Let t(c) = -7*c**2 - 12*c - 5. Let u(l) = -4*l**2 - 6*l - 3. Let s(n) = -3*t(n) + 5*u(n). What are the prime factors of s(d)?
2, 5
Let p(d) = 1327*d + 195. Let c be p(27). Suppose -33*a + c = -14*a. List the prime factors of a.
2, 3, 79
Let d(n) = 22893*n - 517. What are the prime factors of d(1)?
2, 2797
Let g(w) = -12*w**2 + 43*w**2 + 10*w + w**3 - 13*w**2 - 18. Let u be (-19)/((-1)/(-1)) + (5 - 3). What are the prime factors of g(u)?
101
Suppose -19*n - 14700 = -564. Let j = 1032 + n. List the prime factors of j.
2, 3
Let o be 1/(-6) - 2/24*130. Suppose 0*l - 105 = -5*l. Let b = l - o. What are the prime factors of b?
2
Suppose 5*q - 4*m - 34480 = 0, 4*q - m + 11498 - 39082 = 0. Suppose 2138*h + q = 2146*h. What are the prime factors of h?
2, 431
Let y = 4935 - 3195. Suppose -15*v = -21*v + y. What are the prime factors of v?
2, 5, 29
Suppose 3*n = -4*d + 355, 0*n = -3*d - 2*n + 267. Suppose 0 = y - d + 3. Suppose -4*f + 5*g + y + 52 = 0, -4*g = -f + 24. List the prime factors of f.
2, 5
Let y(u) = -2*u**2 - 11*u + 1. Let s be y(-4). Suppose s*x - 2*x = 7920. List the prime factors of x.
2, 3, 5
Let y(x) = -2*x**2 - 5*x + 7. Let o be y(-3). Let u(h) = -2*h**2 + 4*h + 8. Let i be u(o). What are the prime factors of ((12/i)/(-3))/(3/132)?
2, 11
Let u(a) = -7*a - 9. Let o be u(-2). Suppose -9*d + o*d + 24 = 0. Suppose -d*z + 18 = 3*z. What are the prime factors of z?
2
Let a be (-960)/16*70/(-2). Suppose -3*p = 4*u - a, 0 = -u + 3. List the prime factors of p.
2, 3, 29
Let t(l) = 4*l**3 - 5*l**2 + 6*l - 11. Let x be t(3). What are the prime factors of 20/x - (-726)/7?
2, 13
Let m(j) = 20*j**2 + 11*j - 6. Let u be (3 + 5)/(3/3*2). List the prime factors of m(u).
2, 179
Let c = 492 - -8060. What are the prime factors of c?
2, 1069
Suppose -2*b = -5*k - 25386, -3*b + 38061 = -31*k + 28*k. List the prime factors of b.
11, 1153
Let g = -390 + 692. Let q = 374 - g. List the prime factors of q.
2, 3
Suppose -4*z + z - 19*z + 171776 = 0. What are the prime factors of z?
2, 61
Suppose 2009 = -1535*o + 1537*o - 5*s, 2059 = 2*o + 5*s. What are the prime factors of o?
3, 113
Let u be (-35)/(-14)*1*3786/5. Let h = -1329 + u. List the prime factors of h.
2, 3, 47
Suppose -237*a - 8385 = -240*a. Suppose 0 = 11*p - 923 - a. What are the prime factors of p?
2, 13
Let k(w) = 47*w**2 - 74*w - 72. List the prime factors of k(-16).
2, 31, 53
Let i(o) = -962*o**3 - 11*o**2 - 10*o - 13. List the prime factors of i(-2).
3, 23, 37
Let p(m) = 27*m**3 + 8*m**2 + 18. List the prime factors of p(7).
19, 509
Let j(k) = k**3 + 9 - 2*k**3 - 9*k**2 - 17 + 10. Let a be j(-7). Let u = 47 - a. List the prime factors of u.
11, 13
Let m(o) = 87*o + 53. Let y(q) = 43*q + 26. Let i(z) = 6*m(